 (base 4) to base 14
-7365
101411 (base 7) to base 2
100001111001010
What is 240 (base 13) in base 3?
112110
What is -61 (base 14) in base 7?
-151
-2012120 (base 3) to base 8
-3110
102 (base 8) to base 16
42
-15777 (base 8) to base 9
-10743
Convert -114345 (base 6) to base 14.
-3957
236 (base 12) to base 16
14a
Convert -18075 (base 11) to base 4.
-12030123
Convert 522 (base 16) to base 4.
110202
What is -111101000 (base 2) in base 3?
-200002
Convert 10003101 (base 4) to base 3.
211202120
-111020 (base 3) to base 7
-1020
Convert 30320 (base 5) to base 16.
7a8
Convert 3022203 (base 4) to base 10.
12963
86a (base 12) to base 2
10011010010
Convert 235012 (base 7) to base 16.
a62d
What is -3 (base 12) in base 8?
-3
What is 11311 (base 4) in base 14?
1c9
What is -75231 (base 10) in base 11?
-51582
Convert -292 (base 12) to base 16.
-18e
What is 1001212110 (base 3) in base 2?
101001000110101
Convert 15a9 (base 11) to base 16.
807
What is -2320 (base 9) in base 14?
-8ab
-3522 (base 8) to base 13
-b12
-6105 (base 7) to base 2
-100001000000
What is 322 (base 11) in base 12?
283
Convert -1db3 (base 16) to base 6.
-55111
Convert -2638 (base 9) to base 4.
-132323
265 (base 12) to base 5
2430
What is -120221020 (base 3) in base 12?
-6880
600 (base 11) to base 4
23112
What is 122201 (base 3) in base 13?
2aa
Convert -2201002 (base 3) to base 8.
-3665
Convert 1692 (base 15) to base 9.
6602
What is -1310 (base 11) in base 8?
-3251
-448 (base 9) to base 8
-560
Convert -1122100 (base 3) to base 15.
-54c
223274 (base 8) to base 7
432656
-a20 (base 11) to base 13
-73a
Convert 33031 (base 4) to base 8.
1715
-20200123 (base 4) to base 8
-104033
What is 47433 (base 8) in base 15?
6001
What is 616 (base 7) in base 10?
307
10110101010011 (base 2) to base 14
432b
375 (base 16) to base 13
531
111111 (base 3) to base 13
220
1130 (base 7) to base 13
25a
101210 (base 4) to base 15
4ee
Convert -12297 (base 14) to base 7.
-243350
123223 (base 5) to base 12
2951
Convert -6488 (base 10) to base 12.
-3908
Convert -3440 (base 5) to base 14.
-275
-431 (base 8) to base 5
-2111
Convert 22110 (base 4) to base 6.
3020
What is 11003210 (base 4) in base 3?
1001101222
18d (base 15) to base 13
217
Convert 9a7b (base 12) to base 6.
211035
100101100101101 (base 2) to base 4
10230231
What is 3225 (base 6) in base 7?
2102
What is -468a (base 13) in base 9?
-14537
24006 (base 7) to base 10
6180
What is -681 (base 13) in base 10?
-1119
What is 314533 (base 6) in base 14?
950d
What is 12126 (base 7) in base 3?
11022220
What is -5a0 (base 15) in base 11?
-a5a
-1154 (base 7) to base 16
-1af
18a (base 15) to base 13
214
Convert 1101011101110 (base 2) to base 8.
15356
-34636 (base 10) to base 16
-874c
21001 (base 3) to base 2
10111110
-191b (base 12) to base 11
-2320
What is 5e0 (base 15) in base 16?
537
281 (base 16) to base 2
1010000001
10554 (base 9) to base 5
211030
What is 426 (base 15) in base 2?
1110101000
What is -132213 (base 5) in base 8?
-12274
Convert -5022 (base 11) to base 4.
-1220113
3ad (base 16) to base 14
4b3
What is 439 (base 12) in base 8?
1155
What is 11211 (base 6) in base 10?
1591
Convert 100332 (base 4) to base 11.
8a8
What is 2111012 (base 3) in base 13?
a97
Convert 472 (base 15) to base 8.
1757
What is 14250 (base 9) in base 15?
2d09
Convert -461 (base 13) to base 14.
-3bd
1000011111 (base 2) to base 11
454
201110002 (base 3) to base 14
5249
322233 (base 4) to base 3
12011020
Convert 569 (base 16) to base 8.
2551
-535 (base 7) to base 12
-1a7
What is -1566 (base 7) in base 13?
-39c
Convert d75 (base 15) to base 11.
230a
-2210 (base 4) to base 6
-432
What is 316 (base 10) in base 3?
102201
-1066 (base 7) to base 15
-1b1
Convert 311 (base 10) to base 11.
263
What is -1326 (base 12) in base 5?
-32230
Convert -321233 (base 4) to base 12.
-217b
410 (base 7) to base 4
3023
1403140 (base 5) to base 16
6f81
Convert -302100 (base 7) to base 2.
-1100011111010100
2574 (base 13) to base 14
1d30
What is 36 (base 7) in base 16?
1b
-10a3a (base 14) to base 13
-1552b
Convert -121524 (base 7) to base 13.
-a15b
What is 122012 (base 4) in base 9?
2255
Convert -1251 (base 6) to base 9.
-384
What is 11041 (base 5) in base 12?
543
Convert -111111010001 (base 2) to base 3.
-12112222
What is -11102210 (base 3) in base 8?
-6242
-1041241 (base 5) to base 13
-8454
-2266 (base 7) to base 14
-436
Convert 108b (base 16) to base 12.
254b
What is 321 (base 10) in base 13?
1b9
241 (base 11) to base 4
10133
155 (base 14) to base 3
101001
3402 (base 5) to base 15
21c
What is 7715 (base 8) in base 11?
3048
-22110021 (base 3) to base 7
-23653
Convert 11631 (base 8) to base 3.
20212211
Convert 26a8 (base 13) to base 2.
1010110101010
-514 (base 14) to base 7
-2624
-13db (base 14) to base 15
-10a0
What is 24423 (base 5) in base 9?
2500
Convert -3033213 (base 4) to base 10.
-13287
What is -1001010100 (base 2) in base 15?
-29b
2400 (base 5) to base 15
185
Convert 419 (base 12) to base 8.
1125
-1203022 (base 4) to base 15
-1d31
-4b6d (base 16) to base 5
-1104214
2521 (base 10) to base 12
1561
What is -1211210 (base 4) in base 6?
-50032
What is 50505 (base 7) in base 12?
7113
-814f (base 16) to base 15
-9c1d
10000011000 (base 2) to base 9
1384
What is 7d8 (base 15) in base 16?
6f2
What is -5704 (base 8) in base 3?
-11010120
Convert -90 (base 10) to base 3.
-10100
-2519 (base 14) to base 4
-1211123
-1212210100 (base 3) to base 10
-37026
Convert 14251 (base 7) to base 11.
2a32
Convert 254000 (base 7) to base 3.
2101110102
Convert 16 (base 16) to base 13.
19
Convert -19812 (base 10) to base 15.
-5d0c
Convert 5905 (base 10) to base 9.
8081
What is -11222 (base 4) in base 11?
-2aa
71e8 (base 15) to base 5
1232233
Convert 119 (base 13) to base 14.
d9
What is -956b (base 16) in base 3?
-1221110201
What is 2020110 (base 3) in base 10?
1632
11422 (base 11) to base 6
204144
What is 22a6 (base 12) in base 15?
1230
6415 (base 8) to base 4
310031
What is -1011011011001001 (base 2) in base 10?
-46793
Convert 35433 (base 11) to base 3.
2121002112
-5302 (base 6) to base 7
-3320
201002 (base 5) to base 11
4878
What is -1c64 (base 13) in base 12?
-25ab
Convert dc (base 16) to base 6.
1004
Convert 1862b (base 12) to base 6.
432055
Convert 60302 (base 9) to base 16.
9abb
What is -73a5 (base 13) in base 12?
-9331
What is -53 (base 8) in base 12?
-37
What is 22231 (base 4) in base 6?
3101
-23243 (base 8) to base 3
-111120100
-957 (base 11) to base 16
-47f
Convert -11032 (base 4) to base 6.
-1314
What is 633 (base 7) in base 12?
226
-1101111000001011 (base 2) to base 11
-39786
What is 9334 (base 12) in base 5?
1003044
Convert 1140131 (base 5) to base 12.
103a3
5711 (base 8) to base 12
18b5
What is -12110 (base 4) in base 10?
-404
50646 (base 9) to base 4
20020311
Convert -1000111011 (base 2) to base 9.
-704
What is 8237 (base 10) in base 2?
10000000101101
Convert -110232 (base 4) to base 7.
-3603
Convert -9666 (base 16) to base 2.
-1001011001100110
What is -54e3 (base 15) in base 5?
-1033423
What is -1d4 (base 15) in base 7?
-1144
-265 (base 14) to base 2
-111100001
Convert 43 (base 6) to base 10.
27
Convert -265 (base 10) to base 2.
-100001001
-32133 (base 5) to base 14
-b0c
What is -487 (base 14) in base 4?
-32013
Convert 41c (base 15) to base 2.
1110011111
Convert 30a (base 15) to base 8.
1255
What is 20233113 (base 4) in base 5?
2121144
113124 (base 5) to base 3
12201020
Convert -419 (base 14) to base 15.
-38c
Convert -25433 (base 9) to base 6.
-211133
What is -76bb (base 12) in base 9?
-18868
Convert 22c3 (base 13) to base 16.
131b
What is -11212 (base 4) in base 13?
-217
Convert -271 (base 13) to base 4.
-12232
What is 436 (base 12) in base 14?
322
What is -29637 (base 11) in base 6?
-522323
What is -160 (base 10) in base 7?
-316
What is -110011100111 (base 2) in base 10?
-3303
Convert -11110212 (base 3) to base 12.
-1a7b
-3716 (base 9) to base 6
-20453
Convert -210022202 (base 3) to base 9.
-23282
Convert -4452 (base 9) to base 3.
-11111202
Convert 146 (base 7) to base 11.
76
Convert 101011010100 (base 2) to base 12.
1730
Convert 2d4 (base 14) to base 4.
21002
Convert 1464 (base 14) to base 2.
111000100000
What is -729 (base 16) in base 2?
-11100101001
What is -1541 (base 10) in base 15?
-6cb
What is -51116 (base 9) in base 13?
